is divided by 1.
0
Calculate the remainder when ((-6)/2 + 0)*1899/(-27) is divided by 27.
22
Suppose 0 = -2*j - 129 + 331. Calculate the remainder when 2220 is divided by j.
99
Let x = -1364 - -1492. What is the remainder when x is divided by 41?
5
Let w = 201 + 506. Calculate the remainder when (2 + w/(-28))/((-2)/8) is divided by 48.
45
Suppose -2*z + 20 + 1 = 5*u, 3*u - 13 = -z. Let r = z - -6. Calculate the remainder when ((-228)/(-16))/3 - (-12)/(-16) is divided by r.
0
Let y(f) = f**3 + 3. What is the remainder when 82 is divided by y(3)?
22
Let n(a) = -a**3 + 3*a**2 - 6*a. Let p be n(4). Let b = -24 - p. Calculate the remainder when 44 is divided by b.
12
Let t = -1087 - -1117. Calculate the remainder when t is divided by 16.
14
Suppose 0 = 3*b + 2*w - 3*w - 153, -255 = -5*b + 2*w. Calculate the remainder when b is divided by 15.
6
Suppose 4*r = r + 36. Calculate the remainder when ((-12)/(-9))/(2/r) is divided by 4.
0
Let v(p) = -p + 10. Let d be (3 - (2 + 1))/(-2). Suppose 0 = -4*s + j - 36, 0 = -5*s - d*s - 2*j - 45. Calculate the remainder when 73 is divided by v(s).
16
Suppose 3*j - 5*t + 16 - 114 = 0, -j = 4*t - 10. What is the remainder when 48 is divided by j?
22
Calculate the remainder when 402/8*24/18 is divided by 23.
21
Suppose -4*j + 154 = 2*v, -j + 3*v + 28 = -28. Suppose 2*n - j = -13. What is the remainder when n is divided by (2 - 3)*(-10)/2?
4
Let x(o) = -12*o**2 - 108*o - 26. Calculate the remainder when x(-7) is divided by 36.
34
Let c = 325 - 225. Suppose -7*p + c = -12*p. Calculate the remainder when 3/(-4)*720/p is divided by 5.
2
Let j(z) = 3*z + 2. Let g be j(0). Calculate the remainder when (-7)/(-2)*(g + 2) is divided by (4/(-10))/((-3)/(-15)) + 6.
2
What is the remainder when (-5232)/(-21) + ((-3)/21)/1 is divided by 11?
7
Let y be (3 - 4)*(-1 - 2). Let z(h) = 2*h - h + y + 3*h - 5*h. Calculate the remainder when 13 is divided by z(-5).
5
Suppose 2*f + 63 = z, 3*f - 4*f + 4 = 0. Calculate the remainder when z is divided by 22.
5
Let j(i) = -8*i + 1. Let s be j(5). Suppose 97 = -2*t + 147. What is the remainder when 6/s - 1226/(-26) is divided by t?
22
What is the remainder when 51*1/1 - (-5 + 3) is divided by 28?
25
Suppose 0 = -2*g + 5*m + 32, g + 5*m + 24 = 40. Calculate the remainder when 91 is divided by g.
11
Let o(a) = a**3 - 2*a**2 + 1. Let x be o(1). Let v(d) = -5 + x + 26*d - 30*d. What is the remainder when v(-2) is divided by 3?
0
Let i = -117 - -119. Suppose i*a - 2*p = 30, 0 = 4*a + 5*p - 2 - 31. Calculate the remainder when a is divided by 4.
0
Suppose 9 = q - 2*t - 4, 4*t - 37 = -5*q. Let a be (-6)/4*(-282)/q. Suppose -5*j + a = -48. What is the remainder when 35 is divided by j?
16
Suppose -4*x + 155 = 2*o - 207, x = -3*o + 103. What is the remainder when x is divided by 46?
42
What is the remainder when (-1590)/(-8) + 9*2/(-24) is divided by 68?
62
Let y(v) = v + 1. Let h be y(8). Suppose 3*d - 1704 = -h*d. Calculate the remainder when d is divided by 12.
10
Suppose -48*v + 3781 = 517. Calculate the remainder when 326 is divided by v.
54
Suppose -4*q - 2*i + 11 = -7*q, 5*i + 7 = -4*q. What is the remainder when (q/4)/(2/(4 - 140)) is divided by 13?
12
Let n be 0 - 1 - (-2 + 3 - 72). Let k = n - 23. Calculate the remainder when k is divided by 12.
11
Let y(o) = 9*o - 433. What is the remainder when y(51) is divided by 13?
0
Suppose s - 26 = 9. Let g = s - 18. Calculate the remainder when 48 is divided by g.
14
Let c = 12 - 8. Calculate the remainder when 72/1*c/6 is divided by 10.
8
Suppose 39*l = 62*l - 1978. Calculate the remainder when 255 is divided by l.
83
Suppose 50*z - 543 = 13207. What is the remainder when z is divided by 31?
27
Suppose -2*y = 2*y + 16. Calculate the remainder when 27 is divided by 15/60 - 39/y.
7
Let f be 2 + 3/(-9)*0. Suppose 0 = -4*t + f*o - 0*o - 8, 4*o = 2*t - 2. What is the remainder when (22/6 + t)*51 is divided by 9?
7
Suppose 0 = -4*b + 2*b + 5*l + 22, 5*l = -10. Suppose -2*p + b = -2*q, -3*q + 1 = p - 2. Suppose p*g - 1 = 17. What is the remainder when 9 is divided by g?
3
Calculate the remainder when (-10)/(-1) - (-274 + 6) is divided by 135.
8
What is the remainder when (-233)/(-4) - (-3)/(-12) is divided by (-99)/6*6*2/(-33)?
4
Suppose 3*l = 2*d - 80, 20 = 16*l - 21*l. Let g(s) = 0 - s - 3 + 7. Calculate the remainder when d is divided by g(-5).
7
Let q(m) = m**3 - 4*m**2 + 6*m**2 - 4*m**2 + 2*m - 2. What is the remainder when 63 is divided by q(3)?
11
Suppose 0 = 2*o, 8*z - 13*z + 595 = -2*o. What is the remainder when z is divided by 18?
11
Suppose 18*w - 1023 = -123. What is the remainder when 297 is divided by w?
47
Let g(b) = -13*b - 374. Let t be g(-25). Let r be 72/(-5)*30/(-4). Let w = t + r. What is the remainder when w is divided by 12?
11
Suppose 12 = 4*w - 0. Let t be 34/(-4)*-2*w. Suppose 0*i = 3*i - 3*y - 45, t = 3*i + 3*y. What is the remainder when 46 is divided by i?
14
Let q(h) = 3*h. Let b be q(2). Suppose -b*i = -i + 20. What is the remainder when 20 is divided by 9/(i/8*-3)?
2
Let z be -3 + 0/(1 + -2). Let a(p) = p**3 + p**2 + 2. Let t be a(z). Calculate the remainder when (-10)/((4/t)/1) is divided by 14.
12
Let r(b) = -b**2 + 3*b - 16. Let s(n) = 2*n**2 - 6*n + 32. Let y(j) = 11*r(j) + 6*s(j). Calculate the remainder when y(6) is divided by 9.
7
Suppose -1570 = 2*s - 1590. What is the remainder when 487 is divided by s?
7
Let d(m) = 4*m**2 - 16*m + 13. Calculate the remainder when 29 is divided by d(4).
3
Let l be 48/(-18)*9/4. Calculate the remainder when 12 + 3 + l/2 is divided by (-30)/(-4)*22/33.
2
Let p be 1/1 - (6 + -5). Let q(h) = p*h + 6*h - 6 - 3*h. What is the remainder when 94 is divided by q(10)?
22
Suppose 7 - 75 = -2*t. Let n(o) = -o**3 + 4*o**2 + o - 2. Let b be n(3). Let i = 22 - b. Calculate the remainder when t is divided by i.
10
Let f(y) be the second derivative of -y**5/20 - 4*y**4/3 + 5*y**3/2 + 11*y**2/2 - 2*y. What is the remainder when f(-17) is divided by 12?
9
Let j(s) = s**2 + 9*s + 7. Calculate the remainder when j(11) is divided by 19.
18
Let b(n) = n**2 - 2*n - 2. Suppose 9*f - 20 = 16. Calculate the remainder when b(5) is divided by f.
1
Suppose -4*w = -0*w - 4. Calculate the remainder when 27 is divided by 18/(1 + w) + 1.
7
Suppose 423*i = 429*i - 348. Calculate the remainder when i is divided by 34.
24
Let k = 1056 - 1032. What is the remainder when 103 is divided by k?
7
Let x = 3 - 8. Let l = 80 + -42. Calculate the remainder when l is divided by 150/9*(-6)/x.
18
Suppose -13*a + 7 - 7 = 0. Suppose a = -5*n + 6*n - 29. Suppose -13 = -4*t + f + 35, 0 = 3*t + 2*f - 25. Calculate the remainder when n is divided by t.
7
Suppose 12*u = 460 - 76. What is the remainder when 415 is divided by u?
31
Let h(w) = 4*w**3 - 10*w**2 + 2*w + 6. Let x(t) = -t + 4. Calculate the remainder when h(4) is divided by x(-3).
5
Let h = 119 + -83. Calculate the remainder when h is divided by (-516)/(-36) + 2/(-6).
8
Let s(w) = 7*w**3 + 9*w**2 + 18*w + 18. Let h(z) = 4*z**3 + 4*z**2 + 9*z + 9. Let q(o) = 5*h(o) - 3*s(o). Calculate the remainder when 22 is divided by q(-6).
4
Let b(y) = -10*y + 2. Let h(a) = -a. Let u be h(0). Suppose 3*o = -u*o + 105. What is the remainder when o is divided by b(-1)?
11
Let o be 2 + -33 + -2 + 3. Let b be (-4 - 0)/(6/o). What is the remainder when 36 is divided by 198/15 + (-4)/b?
10
Calculate the remainder when 216 is divided by -2 - (5 + 0 + -80).
70
Suppose 0 = -2*t - 3*t + 3*l + 92, 3*t - 61 = -4*l. What is the remainder when 107 is divided by t?
12
Suppose u + c - 17 = 0, 5*u = -4*c + c + 75. What is the remainder when 46 is divided by u?
10
Let b = -35 - -60. Suppose -2*q - 6 = -4*a, -6*q + b = -q. What is the remainder when 6 is divided by a?
2
Suppose -1 - 8 = -3*q. Calculate the remainder when (-370)/(-22) - (-6)/33 is divided by (q - 2)*(-8 - -17).
8
Let f be 394/30 - (-4)/(-30). Suppose f = 3*y - 2. Suppose y*n = n + 28. Calculate the remainder when 26 is divided by n.
5
Let c(t) = 2*t**3 - 3*t**2 + t + 2. Suppose 53*w + 47 = n + 49*w, -5*w - 169 = -3*n. What is the remainder when n is divided by c(3)?
31
Let t = 31 + 10. Let y = -39 + t. Calculate the remainder when y is divided by 2*(2 - 1) + 0.
0
Let z = -260 - -282. What is the remainder when 78 is divided by z?
12
Let o